{"id":3017,"date":"2015-08-18T15:41:05","date_gmt":"2015-08-18T20:41:05","guid":{"rendered":"https:\/\/montanajazzperu.com\/en\/bungalows-y-tarifas\/"},"modified":"2025-01-06T22:29:08","modified_gmt":"2025-01-07T03:29:08","slug":"bungalows-y-tarifas","status":"publish","type":"page","link":"https:\/\/montanajazzperu.com\/en\/bungalows-y-tarifas\/","title":{"rendered":"Bungalows y Tarifas"},"content":{"rendered":"[vc_row full_width=&#8221;stretch_row&#8221; css=&#8221;.vc_custom_1452512234155{padding-top: 6% !important;padding-bottom: 2% !important;}&#8221;][vc_column width=&#8221;1\/6&#8243;][\/vc_column][vc_column width=&#8221;4\/6&#8243;][vc_column_text]\n<p>I am text block. Click edit button to change this text. Lorem ipsum dolor sit amet, consectetur adipiscing elit. Ut elit tellus, luctus nec ullamcorper mattis, pulvinar dapibus leo.<\/p>\n[\/vc_column_text][\/vc_column][vc_column width=&#8221;1\/6&#8243;][\/vc_column][\/vc_row][vc_row css=&#8221;.vc_custom_1452515028203{padding-right: 10px !important;padding-left: 10px !important;}&#8221;][vc_column][vc_row_inner][vc_column_inner width=&#8221;1\/4&#8243;]\n\t<div class=\"bungalow_diseno_b\">\n\t\t<div class=\"cabecera\">\n\t\t\t<div class=\"bungalow_imagen\">\n\t\t\t\t<img width=\"264\" height=\"263\" src=\"https:\/\/montanajazzperu.com\/wp-content\/uploads\/2015\/08\/DSC_0595.png\" class=\"attachment-thumbnail size-thumbnail\" alt=\"\" decoding=\"async\" loading=\"lazy\" \/>\t\t\t\t<div class=\"bungalow_mask\"><\/div>\n\t\t\t\t<div class=\"bungalow_precio\">\n\t\t\t\t\tDESDE S\/.500\t\t\t\t<\/div>\n\t\t\t<\/div>\n\t\t<\/div>\n\t\t<div class=\"cuerpo\">\n\t\t\t<div class=\"bungalow_nombre\">\n\t\t\t\t<h3>LOS ALISOS<\/h3>\n\t\t\t<\/div>\n\t\t\t<div class=\"bugalow_descripcion\">\n\t\t\t\tCapacidad para cuatro personas. Cuenta con una cama King, dos camas individuales, cocina totalmente equipada, chimenea y amplio ba\u00f1o con ducha\t\t\t<\/div>\n\t\t<\/div>\n\t\t<div class=\"pie\">\n\t\t\t<div class=\"bungalow_enlace\">\n\t\t\t\t<a href=\"https:\/\/montanajazzperu.com\/bungalows\/los-alisos\/\" target=\"_self\">Ver m\u00e1s<\/a>\n\t\t\t<\/div>\n\n\t\t<\/div>\n\t<\/div>\n\n\t[\/vc_column_inner][vc_column_inner width=&#8221;1\/4&#8243;]\n\t<div class=\"bungalow_diseno_b\">\n\t\t<div class=\"cabecera\">\n\t\t\t<div class=\"bungalow_imagen\">\n\t\t\t\t<img width=\"266\" height=\"263\" src=\"https:\/\/montanajazzperu.com\/wp-content\/uploads\/2015\/08\/DSC_0690.png\" class=\"attachment-thumbnail size-thumbnail\" alt=\"\" decoding=\"async\" loading=\"lazy\" \/>\t\t\t\t<div class=\"bungalow_mask\"><\/div>\n\t\t\t\t<div class=\"bungalow_precio\">\n\t\t\t\t\tDESDE S\/600\t\t\t\t<\/div>\n\t\t\t<\/div>\n\t\t<\/div>\n\t\t<div class=\"cuerpo\">\n\t\t\t<div class=\"bungalow_nombre\">\n\t\t\t\t<h3>LAS RETAMAS<\/h3>\n\t\t\t<\/div>\n\t\t\t<div class=\"bugalow_descripcion\">\n\t\t\t\tCaba\u00f1a d\u00faplex con capacidad para cinco personas. Segundo nivel con una cama Queen y una cama de plaza y media. Primer nivel con dos camas individuales\t\t\t<\/div>\n\t\t<\/div>\n\t\t<div class=\"pie\">\n\t\t\t<div class=\"bungalow_enlace\">\n\t\t\t\t<a href=\"https:\/\/montanajazzperu.com\/bungalows\/las-retamas\/\" target=\"_self\">Ver m\u00e1s<\/a>\n\t\t\t<\/div>\n\n\t\t<\/div>\n\t<\/div>\n\n\t[\/vc_column_inner][vc_column_inner width=&#8221;1\/4&#8243;]\n\t<div class=\"bungalow_diseno_b\">\n\t\t<div class=\"cabecera\">\n\t\t\t<div class=\"bungalow_imagen\">\n\t\t\t\t<img width=\"264\" height=\"263\" src=\"https:\/\/montanajazzperu.com\/wp-content\/uploads\/2015\/08\/los-quenuales-bungalows.jpg\" class=\"attachment-thumbnail size-thumbnail\" alt=\"\" decoding=\"async\" loading=\"lazy\" \/>\t\t\t\t<div class=\"bungalow_mask\"><\/div>\n\t\t\t\t<div class=\"bungalow_precio\">\n\t\t\t\t\tDESDE S\/500\t\t\t\t<\/div>\n\t\t\t<\/div>\n\t\t<\/div>\n\t\t<div class=\"cuerpo\">\n\t\t\t<div class=\"bungalow_nombre\">\n\t\t\t\t<h3>LOS QUENUALES<\/h3>\n\t\t\t<\/div>\n\t\t\t<div class=\"bugalow_descripcion\">\n\t\t\t\tCapacidad para cuatro personas. Cuenta con una cama King, dos camas individuales, cocina totalmente equipada, chimenea y amplio ba\u00f1o con ducha. \t\t\t<\/div>\n\t\t<\/div>\n\t\t<div class=\"pie\">\n\t\t\t<div class=\"bungalow_enlace\">\n\t\t\t\t<a href=\"https:\/\/montanajazzperu.com\/bungalows\/los-quenuales\/\" target=\"_self\">Ver m\u00e1s<\/a>\n\t\t\t<\/div>\n\n\t\t<\/div>\n\t<\/div>\n\n\t[\/vc_column_inner][vc_column_inner width=&#8221;1\/4&#8243;]\n\t<div class=\"bungalow_diseno_b\">\n\t\t<div class=\"cabecera\">\n\t\t\t<div class=\"bungalow_imagen\">\n\t\t\t\t<img width=\"264\" height=\"263\" src=\"https:\/\/montanajazzperu.com\/wp-content\/uploads\/2015\/08\/los-capulies-bungalows2.jpg\" class=\"attachment-thumbnail size-thumbnail\" alt=\"\" decoding=\"async\" loading=\"lazy\" \/>\t\t\t\t<div class=\"bungalow_mask\"><\/div>\n\t\t\t\t<div class=\"bungalow_precio\">\n\t\t\t\t\tDESDE S\/350\t\t\t\t<\/div>\n\t\t\t<\/div>\n\t\t<\/div>\n\t\t<div class=\"cuerpo\">\n\t\t\t<div class=\"bungalow_nombre\">\n\t\t\t\t<h3>LOS CAPUL\u00cdES<\/h3>\n\t\t\t<\/div>\n\t\t\t<div class=\"bugalow_descripcion\">\n\t\t\t\tCaba\u00f1a d\u00faplex con capacidad para cuatro personas. Una cama de dos plazas y una de plaza y media en el segundo nivel; cama de una plaza en el primero.\t\t\t<\/div>\n\t\t<\/div>\n\t\t<div class=\"pie\">\n\t\t\t<div class=\"bungalow_enlace\">\n\t\t\t\t<a href=\"https:\/\/montanajazzperu.com\/bungalows\/los-capulies\/\" target=\"_self\">Ver m\u00e1s<\/a>\n\t\t\t<\/div>\n\n\t\t<\/div>\n\t<\/div>\n\n\t[\/vc_column_inner][\/vc_row_inner][vc_empty_space height=&#8221;64px&#8221;][\/vc_column][\/vc_row][vc_row full_width=&#8221;stretch_row&#8221; css=&#8221;.vc_custom_1453328827349{margin-bottom: 0px !important;border-bottom-width: 0px !important;padding-bottom: 0px !important;background-color: #789055 !important;}&#8221;][vc_column][vc_column_text css=&#8221;.vc_custom_1453328741273{padding-top: 20px !important;padding-right: 20px !important;padding-bottom: 20px !important;padding-left: 20px !important;}&#8221;]\n<h3><span style=\"color: #ffffff;\">T\u00c9RMINOS Y CONDICIONES<\/span><\/h3>\n<p><span style=\"color: #ffffff;\">Para Monta\u00f1a Jazz es importante que las familias encuentren todas las comodidades de una casita de campo por lo que para poder organizar mejor su estad\u00eda, solo trabajamos con reservas con un m\u00ednimo de 48 horas antes. En fechas como Semana Santa, Fiestas Patrias, A\u00f1o Nuevo o fin de semana largos el tiempo m\u00ednimo de reservas es de 15 d\u00edas.<\/span><\/p>\n<p><span style=\"color: #ffffff;\">Esto nos permite atenderlos y adecuar cada espacio de acuerdo a sus necesidades. Los hu\u00e9spedes reciben los bungalows con equipamiento completo (refrigerador, microondas y menaje) el cual es revisado tanto al ingreso como a la salida. Cualquier p\u00e9rdida o deterioro es adicionado a la cuenta final. La capacidad de los bungalows est\u00e1 de acuerdo a las camas indicadas, no se pueden colocar camas adicionales.<\/span><\/p>\n<p><span style=\"color: #ffffff;\">Para el desayuno encontrar\u00e1n diariamente insumos de la zona como queso, mantequilla, mermeladas, panes, t\u00e9 y caf\u00e9. Como alternativa de acuerdo a las coordinaciones previas y reservas, ofrecemos adicionales al desayuno y la cenas a partir de las 7:30 p.m. Adem\u00e1s, gracias a las refrigeradoras que hay en cada bungalow, son libres de traer su propia comida y su bebida.<\/span><\/p>\n<p><span style=\"color: #ffffff;\">Check in 5:00 am -03:00 pm. y Check out 12:00 p.m. \/ Late Check Out (3pm-6pm) 50% de la tarifa diaria.<\/span>[\/vc_column_text][\/vc_column][\/vc_row]\n","protected":false},"excerpt":{"rendered":"<p>[vc_row full_width=&#8221;stretch_row&#8221; css=&#8221;.vc_custom_1452512234155{padding-top: 6% !important;padding-bottom: 2% !important;}&#8221;][vc_column width=&#8221;1\/6&#8243;][\/vc_column][vc_column width=&#8221;4\/6&#8243;][vc_column_text] I am text block. Click edit button to change this text. Lorem ipsum dolor sit amet, consectetur adipiscing elit. Ut elit tellus, luctus nec ullamcorper mattis, pulvinar dapibus leo. [\/vc_column_text][\/vc_column][vc_column width=&#8221;1\/6&#8243;][\/vc_column][\/vc_row][vc_row css=&#8221;.vc_custom_1452515028203{padding-right: 10px !important;padding-left: 10px !important;}&#8221;][vc_column][vc_row_inner][vc_column_inner width=&#8221;1\/4&#8243;][\/vc_column_inner][vc_column_inner width=&#8221;1\/4&#8243;][\/vc_column_inner][vc_column_inner width=&#8221;1\/4&#8243;][\/vc_column_inner][vc_column_inner width=&#8221;1\/4&#8243;][\/vc_column_inner][\/vc_row_inner][vc_empty_space height=&#8221;64px&#8221;][\/vc_column][\/vc_row][vc_row full_width=&#8221;stretch_row&#8221; css=&#8221;.vc_custom_1453328827349{margin-bottom: 0px !important;border-bottom-width: 0px [&hellip;]<\/p>\n","protected":false},"author":2,"featured_media":0,"parent":0,"menu_order":0,"comment_status":"closed","ping_status":"closed","template":"","meta":[],"_links":{"self":[{"href":"https:\/\/montanajazzperu.com\/en\/wp-json\/wp\/v2\/pages\/3017"}],"collection":[{"href":"https:\/\/montanajazzperu.com\/en\/wp-json\/wp\/v2\/pages"}],"about":[{"href":"https:\/\/montanajazzperu.com\/en\/wp-json\/wp\/v2\/types\/page"}],"author":[{"embeddable":true,"href":"https:\/\/montanajazzperu.com\/en\/wp-json\/wp\/v2\/users\/2"}],"replies":[{"embeddable":true,"href":"https:\/\/montanajazzperu.com\/en\/wp-json\/wp\/v2\/comments?post=3017"}],"version-history":[{"count":6,"href":"https:\/\/montanajazzperu.com\/en\/wp-json\/wp\/v2\/pages\/3017\/revisions"}],"predecessor-version":[{"id":3924,"href":"https:\/\/montanajazzperu.com\/en\/wp-json\/wp\/v2\/pages\/3017\/revisions\/3924"}],"wp:attachment":[{"href":"https:\/\/montanajazzperu.com\/en\/wp-json\/wp\/v2\/media?parent=3017"}],"curies":[{"name":"wp","href":"https:\/\/api.w.org\/{rel}","templated":true}]}}

[vc_row full_width=&#8221;stretch_row&#8221; css=&#8221;.vc_custom_1452512234155{padding-top: 6% !important;padding-bottom: 2% !important;}&#8221;][vc_column width=&#8221;1/6&#8243;][/vc_column][vc_column width=&#8221;4/6&#8243;][vc_column_text]
<p>I am text block. Click edit button to change this text. Lorem ipsum dolor sit amet, consectetur adipiscing elit. Ut elit tellus, luctus nec ullamcorper mattis, pulvinar dapibus leo.</p>
[/vc_column_text][/vc_column][vc_column width=&#8221;1/6&#8243;][/vc_column][/vc_row][vc_row css=&#8221;.vc_custom_1452515028203{padding-right: 10px !important;padding-left: 10px !important;}&#8221;][vc_column][vc_row_inner][vc_column_inner width=&#8221;1/4&#8243;]
	<div class="bungalow_diseno_b">
		<div class="cabecera">
			<div class="bungalow_imagen">
				<img width="264" height="263" src="https://montanajazzperu.com/wp-content/uploads/2015/08/DSC_0595.png" class="attachment-thumbnail size-thumbnail" alt="" decoding="async" loading="lazy" />				<div class="bungalow_mask"></div>
				<div class="bungalow_precio">
					DESDE S/.500				</div>
			</div>
		</div>
		<div class="cuerpo">
			<div class="bungalow_nombre">
				<h3>LOS ALISOS</h3>
			</div>
			<div class="bugalow_descripcion">
				Capacidad para cuatro personas. Cuenta con una cama King, dos camas individuales, cocina totalmente equipada, chimenea y amplio baño con ducha			</div>
		</div>
		<div class="pie">
			<div class="bungalow_enlace">
				<a href="https://montanajazzperu.com/bungalows/los-alisos/" target="_self">Ver más</a>
			</div>

		</div>
	</div>

	[/vc_column_inner][vc_column_inner width=&#8221;1/4&#8243;]
	<div class="bungalow_diseno_b">
		<div class="cabecera">
			<div class="bungalow_imagen">
				<img width="266" height="263" src="https://montanajazzperu.com/wp-content/uploads/2015/08/DSC_0690.png" class="attachment-thumbnail size-thumbnail" alt="" decoding="async" loading="lazy" />				<div class="bungalow_mask"></div>
				<div class="bungalow_precio">
					DESDE S/600				</div>
			</div>
		</div>
		<div class="cuerpo">
			<div class="bungalow_nombre">
				<h3>LAS RETAMAS</h3>
			</div>
			<div class="bugalow_descripcion">
				Cabaña dúplex con capacidad para cinco personas. Segundo nivel con una cama Queen y una cama de plaza y media. Primer nivel con dos camas individuales			</div>
		</div>
		<div class="pie">
			<div class="bungalow_enlace">
				<a href="https://montanajazzperu.com/bungalows/las-retamas/" target="_self">Ver más</a>
			</div>

		</div>
	</div>

	[/vc_column_inner][vc_column_inner width=&#8221;1/4&#8243;]
	<div class="bungalow_diseno_b">
		<div class="cabecera">
			<div class="bungalow_imagen">
				<img width="264" height="263" src="https://montanajazzperu.com/wp-content/uploads/2015/08/los-quenuales-bungalows.jpg" class="attachment-thumbnail size-thumbnail" alt="" decoding="async" loading="lazy" />				<div class="bungalow_mask"></div>
				<div class="bungalow_precio">
					DESDE S/500				</div>
			</div>
		</div>
		<div class="cuerpo">
			<div class="bungalow_nombre">
				<h3>LOS QUENUALES</h3>
			</div>
			<div class="bugalow_descripcion">
				Capacidad para cuatro personas. Cuenta con una cama King, dos camas individuales, cocina totalmente equipada, chimenea y amplio baño con ducha. 			</div>
		</div>
		<div class="pie">
			<div class="bungalow_enlace">
				<a href="https://montanajazzperu.com/bungalows/los-quenuales/" target="_self">Ver más</a>
			</div>

		</div>
	</div>

	[/vc_column_inner][vc_column_inner width=&#8221;1/4&#8243;]
	<div class="bungalow_diseno_b">
		<div class="cabecera">
			<div class="bungalow_imagen">
				<img width="264" height="263" src="https://montanajazzperu.com/wp-content/uploads/2015/08/los-capulies-bungalows2.jpg" class="attachment-thumbnail size-thumbnail" alt="" decoding="async" loading="lazy" />				<div class="bungalow_mask"></div>
				<div class="bungalow_precio">
					DESDE S/350				</div>
			</div>
		</div>
		<div class="cuerpo">
			<div class="bungalow_nombre">
				<h3>LOS CAPULÍES</h3>
			</div>
			<div class="bugalow_descripcion">
				Cabaña dúplex con capacidad para cuatro personas. Una cama de dos plazas y una de plaza y media en el segundo nivel; cama de una plaza en el primero.			</div>
		</div>
		<div class="pie">
			<div class="bungalow_enlace">
				<a href="https://montanajazzperu.com/bungalows/los-capulies/" target="_self">Ver más</a>
			</div>

		</div>
	</div>

	[/vc_column_inner][/vc_row_inner][vc_empty_space height=&#8221;64px&#8221;][/vc_column][/vc_row][vc_row full_width=&#8221;stretch_row&#8221; css=&#8221;.vc_custom_1453328827349{margin-bottom: 0px !important;border-bottom-width: 0px !important;padding-bottom: 0px !important;background-color: #789055 !important;}&#8221;][vc_column][vc_column_text css=&#8221;.vc_custom_1453328741273{padding-top: 20px !important;padding-right: 20px !important;padding-bottom: 20px !important;padding-left: 20px !important;}&#8221;]
<h3><span style="color: #ffffff;">TÉRMINOS Y CONDICIONES</span></h3>
<p><span style="color: #ffffff;">Para Montaña Jazz es importante que las familias encuentren todas las comodidades de una casita de campo por lo que para poder organizar mejor su estadía, solo trabajamos con reservas con un mínimo de 48 horas antes. En fechas como Semana Santa, Fiestas Patrias, Año Nuevo o fin de semana largos el tiempo mínimo de reservas es de 15 días.</span></p>
<p><span style="color: #ffffff;">Esto nos permite atenderlos y adecuar cada espacio de acuerdo a sus necesidades. Los huéspedes reciben los bungalows con equipamiento completo (refrigerador, microondas y menaje) el cual es revisado tanto al ingreso como a la salida. Cualquier pérdida o deterioro es adicionado a la cuenta final. La capacidad de los bungalows está de acuerdo a las camas indicadas, no se pueden colocar camas adicionales.</span></p>
<p><span style="color: #ffffff;">Para el desayuno encontrarán diariamente insumos de la zona como queso, mantequilla, mermeladas, panes, té y café. Como alternativa de acuerdo a las coordinaciones previas y reservas, ofrecemos adicionales al desayuno y la cenas a partir de las 7:30 p.m. Además, gracias a las refrigeradoras que hay en cada bungalow, son libres de traer su propia comida y su bebida.</span></p>
<p><span style="color: #ffffff;">Check in 5:00 am -03:00 pm. y Check out 12:00 p.m. / Late Check Out (3pm-6pm) 50% de la tarifa diaria.</span>[/vc_column_text][/vc_column][/vc_row]
